ed by l.
6
Let o(p) = p**2 + 7*p + 3. Let q be (-2)/4 - (-78)/(-12). Let f be o(q). Calculate the remainder when f/(-6*(-1)/76) is divided by 13.
12
Let p be (9/(-2))/((-1)/(-10)). Let a be (-1)/(-2) - p/2. Suppose 5*y - 10 = 5*b, 5 = 2*y + 4*b - a. What is the remainder when 16 is divided by y?
4
What is the remainder when 33/(-2)*(-1 - 1) is divided by 18?
15
Suppose -2*l + 64 = -3*p, -2*l + 91 = l - 2*p. Calculate the remainder when 57 is divided by l.
28
Suppose -2*d - 10 = -4*d. Let z be 3 - (-1)/((-1)/6). Let g = d + z. What is the remainder when g is divided by 1?
0
Let g(n) = 9*n**3 + n**2 - 2*n + 1. Let t(h) = -h**3 + 6*h**2 - h + 4. What is the remainder when t(5) is divided by g(1)?
6
Let u(l) = l**3 - 3*l**2 - l - 4. Let p be u(4). What is the remainder when 5 is divided by (p/10)/((-4)/(-10))?
1
Let k = 16 + 3. Suppose 0 = 11*y - 177 - 208. What is the remainder when y is divided by k?
16
Suppose 3*i - 4*m - 82 + 1 = 0, 127 = 4*i + m. Calculate the remainder when i is divided by 17.
14
Let m = -33 - -57. What is the remainder when 47 is divided by m?
23
Let r = 109 - 32. Suppose -3*t + 2*t = -20. What is the remainder when r is divided by t?
17
Suppose -3*i - 18 + 60 = 3*f, 0 = -4*i + 4. What is the remainder when 48 is divided by f?
9
Let j(m) = -m**2 - 31*m - 51. Let a = 10 + 10. What is the remainder when j(-26) is divided by a?
19
Let w = 1 + 3. Calculate the remainder when 51 is divided by (-50 + -2)*w/(-8).
25
Let k = 5 - -30. Let b = -118 - -130. Calculate the remainder when k is divided by b.
11
Suppose -5*c = 1 - 6. Calculate the remainder when c is divided by 1.
0
Let q(f) = 8*f - 5. Let s be q(5). Suppose -6 = 3*d - 7*d + 3*g, -8 = 4*g. What is the remainder when 34 is divided by d - (s + 1)/(-2)?
16
Let r be (-2)/(-3)*(-66)/4. Let k(s) = s**2 + 11*s + 16. Calculate the remainder when 29 is divided by k(r).
13
Let o(h) = -h**3 + 12*h**2 - 10*h + 13. Calculate the remainder when o(6) is divided by 44.
37
Let r = 6 - -26. Suppose 0*g + r = 2*g. Calculate the remainder when 29 is divided by g.
13
Let h(t) = -t**2 + 8*t - 2. Calculate the remainder when (-6)/(-27) + (-151)/(-9) is divided by h(7).
2
Let f(r) = 4*r**2 + 2*r. Let c(u) be the third derivative of -u**4/24 - 3*u**3/2 + u**2. Let a be c(-7). Calculate the remainder when 22 is divided by f(a).
10
Let m(y) = -79*y**2 + 1. Let t be m(1). Let r = 39 - t. Calculate the remainder when r is divided by 30.
27
Suppose -24*d + 253 = -683. Let r(m) = 6*m + 2. What is the remainder when d is divided by r(3)?
19
Suppose 0*w = -4*x + 4*w + 32, -2*x = 4*w - 22. What is the remainder when 23 is divided by x?
5
Suppose -144 = -4*d - v, 94 = 3*d - 4*v - 14. Calculate the remainder when 141 is divided by d.
33
Let v = -17 + 25. Calculate the remainder when 29 is divided by v.
5
Suppose -4 - 11 = -5*m. What is the remainder when 4 is divided by m?
1
Let f(a) = 4*a + 1. Suppose -2*s + 17 = l + s, s + 5 = 5*l. What is the remainder when f(l) is divided by 4?
1
Let s = -26 - 31. Let c = -30 - s. Suppose 3*b = -3*g + 33, 0 = b - 2 - 2. Calculate the remainder when c is divided by g.
6
Let i = 88 - 66. Calculate the remainder when 34 is divided by i.
12
Suppose 2*q - 92 = -2*q. Calculate the remainder when q is divided by 13.
10
What is the remainder when 45 is divided by (-18)/(-45)*(30 + 0)?
9
Let i(m) = m**2 + 22 + m**3 + m + 0*m + 48 + 54. Let h be i(0). Suppose 0 = f + 3*f - h. Calculate the remainder when f is divided by 8.
7
Suppose 3*y + 22 = 4. Let m = y - -8. What is the remainder when 3 is divided by m?
1
Suppose -3*x + 36 = 3. Calculate the remainder when 43 is divided by x.
10
Suppose 2*o = 4*o - 18. Suppose p - o = -3*u, 3*u = -u + 2*p + 2. Suppose -z = h - 15, 0 = u*z - 0*z. Calculate the remainder when 43 is divided by h.
13
Let q = -7 - -11. Suppose -q*m = -3*m - 10. Calculate the remainder when m is divided by 6.
4
Let v = 64 - -19. Calculate the remainder when v is divided by 21.
20
Suppose -s - 3*j = -4*s + 135, -4*s - 4*j = -148. Let d(p) = p**2 + 15*p + 11. What is the remainder when s is divided by d(-15)?
8
Let c = 59 + -39. What is the remainder when c is divided by 12?
8
Let p = -271 + 274. Suppose 0 = -k + 6 - 0. Calculate the remainder when k is divided by p.
0
Let y(h) = 13*h**2 - 2*h - 3. Calculate the remainder when 47 is divided by y(-1).
11
Suppose p - 14 - 9 = 0. Let u be (-2)/(-12) + 87/18. Suppose -u*v = 4*s - 229, 0 = -3*v - 2*v + 5*s + 220. Calculate the remainder when v is divided by p.
22
Let v(j) = -12*j**2 - j - 2. Let t = 1 - 3. Let o be v(t). Let m = o - -68. Calculate the remainder when 38 is divided by m.
18
Let h be (3 - 2) + 1 + 2. Suppose 18 = h*g - g. Calculate the remainder when 17 is divided by g.
5
Suppose -5 = -4*g - g. What is the remainder when g*-2 - 40/(-1) is divided by 20?
18
Let f(s) = s - 4. Let h be f(8). Suppose -h*p + 0*w - 2*w + 16 = 0, p + 2*w + 2 = 0. What is the remainder when 21 is divided by p?
3
Let k(i) = -23*i - 39. What is the remainder when k(-11) is divided by 36?
34
Let n be 30/(-25)*(-20)/6. Suppose -90 = -a - n*a. What is the remainder when a is divided by 7?
4
Suppose 0*i - 2*i = -88. Suppose 2*c + 21 = -5*l, 4*l + 5*c - 2 = -12. Let o(h) = -h**3 - 5*h**2 - 4*h + 3. What is the remainder when i is divided by o(l)?
21
Suppose -2*q + 3*x + 46 = 0, -3*x = 7 - 1. What is the remainder when 59 is divided by q?
19
Let m(f) = 4*f**2 - 8*f + 2. Calculate the remainder when m(7) is divided by 29.
26
Suppose -y - 18 + 47 = -4*q, -5*y = -5. Let j = q + 11. Suppose 2 = 5*v - 5*l - 3, 0 = -2*v + j*l - 2. Calculate the remainder when v is divided by 1.
0
Let m = 2 - -51. What is the remainder when m is divided by 19?
15
Let q(w) = 4*w - 1. Let o = -4 - -8. Let m be -2 + 0 + o - 0. What is the remainder when 12 is divided by q(m)?
5
Let s be 18/3 - (1 + -1). Suppose -o - 2 + s = 0. What is the remainder when (-1)/5 + (-71)/(-5) is divided by o?
2
Let s be (-64)/(-10) - 8/20. Let z(o) = o**2 - o - 5. Calculate the remainder when z(s) is divided by 13.
12
Let f(b) = 0*b + 3 + 1 - 2*b. Let u(o) = -o**2 + 7*o + 7. Calculate the remainder when f(-4) is divided by u(7).
5
Let g(j) = -j + 11. Calculate the remainder when 4 is divided by g(9).
0
Let p = -11 - -15. Let q = p - 2. Suppose -130 = -2*n - q*z - 2*z, 0 = 3*n - 2*z - 179. Calculate the remainder when n is divided by 21.
19
Let y be 1734/27 - (-2)/(-9). Let v = y + -32. What is the remainder when v is divided by 17?
15
Let l = -40 - -108. Suppose -2*f - l = -6*f. Calculate the remainder when 67 is divided by f.
16
Suppose -3*z = -2*z - k - 14, -k = 5. Suppose 2*y + 10 = y. Let q = 7 - y. What is the remainder when q is divided by z?
8
Let a = 50 + -26. What is the remainder when 46 is divided by a?
22
Let x(h) be the second derivative of 1/2*h**2 + 0 + h - 1/2*h**3. Calculate the remainder when 38 is divided by x(-4).
12
Let o = -4 - -22. Let c = 0 - -11. Let d = c - 1. Calculate the remainder when o is divided by d.
8
Let s = -37 - -103. What is the remainder when s is divided by 17?
15
Let b(q) = -q**2 - 18*q + 16. What is the remainder when b(-16) is divided by 9?
3
Let b = -4 + 15. Let c(z) = 30*z**3 + z - 1. Calculate the remainder when c(1) is divided by b.
8
Suppose 0 = -3*g + 34 - 10. Suppose 12*y - 16 = g*y. What is the remainder when 6 is divided by y?
2
Let v(q) = q**3 - 7*q**2 + 10. Let m be v(6). Calculate the remainder when (-3)/15 - m/5 is divided by 2.
1
Suppose 0 = 3*n + 3*m - 6, 3*n + 2*m - 7 = -0. Suppose -4 = n*j - 5*j. Calculate the remainder when 21 is divided by ((-44)/(-6))/(j/3).
10
Let g be (2 - 0)*(2 + -1). Let u be -4 + 2 + 0 + g. Suppose u = -0*f - 5*f + 65. Calculate the remainder when 38 is divided by f.
12
Suppose -2*k - k + 21 = 0. What is the remainder when k is divided by 2 + -2 + 6/2?
1
Let r = 0 - 0. Suppose 16 = -5*j - 4*u, -u = 4 - r. What is the remainder when 17 is divided by 1 + -1 + j - -9?
8
Let n be -1 - ((-4)/(-1))/2. Let a = 16 - n. Let y = 9 + -2. What is the remainder when a is divided by y?
5
Suppose -2*i + 16 - 10 = 0. Calculate the remainder when 13 is divided by i.
1
Suppose 5*p = 168 + 232. Let a be 6*(1 - (-1)/(-3)). Suppose -p = -5*r + 3*w, r - a*w - 46 = -r. Calculate the remainder when r is divided by 7.
6
Sup